73?
107
What is the highest common divisor of 2270 and 30?
10
Calculate the highest common factor of 80 and 1710.
10
Calculate the highest common factor of 95 and 1159.
19
What is the greatest common factor of 32196 and 12?
12
Calculate the greatest common factor of 6 and 57.
3
What is the highest common divisor of 40 and 8936?
8
What is the highest common factor of 30 and 27690?
30
What is the greatest common factor of 306 and 34?
34
Calculate the greatest common factor of 204 and 228.
12
What is the highest common factor of 94 and 2?
2
Calculate the greatest common factor of 84 and 462.
42
Calculate the greatest common divisor of 99 and 45.
9
What is the highest common divisor of 20 and 15940?
20
Calculate the highest common divisor of 450 and 315.
45
What is the greatest common factor of 3544 and 8?
8
What is the highest common divisor of 5311 and 141?
47
Calculate the greatest common divisor of 57 and 3648.
57
Calculate the greatest common factor of 1323 and 42.
21
Calculate the highest common divisor of 7408 and 16.
16
What is the greatest common factor of 5642 and 31?
31
What is the greatest common divisor of 128 and 1760?
32
What is the greatest common factor of 17 and 79?
1
What is the greatest common factor of 696 and 2001?
87
Calculate the highest common divisor of 189 and 243.
27
Calculate the highest common divisor of 33 and 297.
33
What is the greatest common factor of 1512 and 56?
56
What is the highest common divisor of 11174 and 302?
302
What is the highest common divisor of 90 and 1125?
45
Calculate the greatest common divisor of 200 and 2375.
25
What is the highest common factor of 127 and 4064?
127
Calculate the highest common divisor of 25 and 100.
25
What is the highest common divisor of 8107 and 363?
121
What is the greatest common factor of 1208 and 512?
8
What is the highest common factor of 2 and 134?
2
What is the greatest common divisor of 58 and 2146?
58
What is the greatest common divisor of 2 and 1046?
2
Calculate the greatest common divisor of 22 and 3058.
22
What is the greatest common factor of 300 and 75?
75
Calculate the greatest common divisor of 144 and 522.
18
What is the highest common factor of 56 and 47152?
56
Calculate the highest common factor of 91 and 7.
7
What is the greatest common factor of 312 and 13?
13
Calculate the highest common factor of 912 and 112.
16
What is the highest common divisor of 574 and 492?
82
What is the highest common factor of 363 and 198?
33
What is the greatest common divisor of 1792 and 308?
28
Calculate the highest common divisor of 40 and 64.
8
Calculate the highest common factor of 190 and 304.
38
Calculate the highest common factor of 96 and 120.
24
What is the greatest common divisor of 630 and 1350?
90
What is the greatest common divisor of 13 and 1274?
13
Calculate the greatest common factor of 181 and 4525.
181
What is the highest common factor of 56 and 49?
7
What is the greatest common divisor of 18 and 1782?
18
What is the greatest common divisor of 57 and 15637?
19
Calculate the highest common factor of 5496 and 229.
229
What is the highest common divisor of 363 and 66?
33
What is the highest common divisor of 1449 and 63?
63
Calculate the highest common divisor of 46 and 1495.
23
What is the greatest common divisor of 5889 and 117?
39
What is the highest common factor of 11 and 375?
1
What is the greatest common divisor of 2028 and 12?
12
Calculate the highest common factor of 6 and 6.
6
Calculate the highest common divisor of 128478 and 98.
98
Calculate the greatest common factor of 12 and 70.
2
Calculate the highest common factor of 2176 and 100.
4
Calculate the greatest common divisor of 438 and 6.
6
What is the highest common divisor of 1313 and 707?
101
Calculate the greatest common factor of 30 and 2370.
30
Calculate the highest common factor of 41 and 2993.
41
Calculate the highest common divisor of 248 and 31.
31
Calculate the highest common divisor of 209 and 44.
11
What is the greatest common divisor of 6 and 126?
6
Calculate the highest common divisor of 3048 and 48.
24
What is the greatest common factor of 2343 and 165?
33
Calculate the greatest common divisor of 410 and 10.
10
Calculate the highest common factor of 40 and 10.
10
What is the highest common factor of 105 and 42?
21
Calculate the greatest common divisor of 40 and 232.
8
Calculate the greatest common divisor of 1309 and 2057.
187
What is the highest common factor of 430 and 1?
1
What is the greatest common divisor of 111 and 3737?
37
What is the greatest common divisor of 64 and 768?
64
What is the highest common factor of 41 and 8159?
41
Calculate the highest common factor of 16 and 784.
16
Calculate the greatest common factor of 767 and 708.
59
What is the highest common divisor of 160 and 120?
40
Calculate the highest common divisor of 404 and 144.
4
What is the greatest common factor of 154 and 29799?
77
What is the greatest common factor of 532 and 14?
14
Calculate the greatest common factor of 272 and 1394.
34
What is the highest common factor of 8474 and 38?
38
Calculate the highest common divisor of 77 and 847.
77
Calculate the highest common divisor of 430 and 30.
10
Calculate the greatest common divisor of 52 and 3146.
26
What is the greatest common divisor of 16 and 272?
16
What is the highest common divisor of 102 and 11067?
51
Calculate the greatest common factor of 13561 and 71.
71
Calculate the greatest common factor of 5 and 1080.
5
What is the highest common divisor of 3082 and 268?
134
What is the highest common divisor of 182 and 70?
14
Calculate the greatest common divisor of 555 and 74.
37
Calculate the highest common divisor of 186 and 496.
62
What is the highest common divisor of 48 and 48?
48
What is the highest common factor of 130 and 5798?
26
Calculate the greatest common factor of 32 and 1352.
8
Calculate the highest common factor of 98 and 8750.
14
Calculate the greatest common divisor of 7 and 6132.
7
What is the highest common factor of 23 and 345?
23
Calculate the greatest common factor of 73 and 5256.
73
What is the greatest common divisor of 9506 and 7?
7
What is the highest common divisor of 147 and 21?
21
What is the greatest common factor of 9 and 1143?
9
Calculate the highest common divisor of 18 and 207.
9
What is the greatest common factor of 8 and 2184?
8
What is the greatest common divisor of 91 and 21?
7
What is the greatest common divisor of 280 and 2380?
140
What is the greatest common factor of 44 and 1331?
11
What is the greatest common divisor of 3750 and 100?
50
What is the highest common divisor of 30 and 3750?
30
Calculate the greatest common factor of 4653 and 1089.
99
What is the highest common divisor of 4978 and 76?
38
What is the highest common divisor of 304 and 2622?
38
What is the greatest common factor of 18 and 36?
18
Calculate the highest common factor of 5785 and 65.
65
Calculate the highest common divisor of 30 and 80.
10
Calculate the highest common factor of 70 and 180.
10
Calculate the highest common factor of 100 and 4050.
50
Calculate the greatest common factor of 8 and 8.
8
Calculate the greatest common factor of 250 and 2.
2
What is the greatest common divisor of 33 and 1221?
33
Calculate the greatest common factor of 33 and 143.
11
Calculate the greatest common factor of 266 and 19.
19
Calculate the highest common divisor of 48 and 11248.
16
Calculate the greatest common divisor of 77 and 275.
11
What is the greatest common factor of 378 and 47439?
189
Calculate the greatest common factor of 715 and 208.
13
Calculate the highest common divisor of 9269 and 3224.
403
Calculate the highest common factor of 2750 and 55.
55
Calculate the greatest common factor of 2992 and 176.
176
Calculate the greatest common factor of 12 and 3684.
12
Calculate the highest common factor of 1224 and 36.
36
What is the greatest common factor of 204 and 108?
12
What is the highest common divisor of 684 and 60?
12
Calculate the highest common factor of 175 and 7.
7
Calculate the greatest common factor of 82 and 574.
82
What is the highest common factor of 154 and 33?
11
What is the greatest common factor of 225 and 465?
15
Calculate the highest common divisor of 1323 and 1617.
147
What is the greatest common factor of 3795 and 92?
2